*a**2 + 147*a - 113. Let f be y(58). Calculate the highest common divisor of 94 and f.
47
Suppose -9 = -3*v + 6. Let w(g) = -166*g**2 + 1184*g + 1. Let a be w(7). What is the greatest common divisor of a and v?
5
Suppose -2*o + 6 = 8. Let a(s) = -11*s. Let r be a(o). Let c(l) = l**3 - 10*l**2 - 12*l + 20. Let w be c(r). Calculate the greatest common divisor of 6 and w.
3
Suppose 3*j - 15 = 174. Let w(i) = -i + 4. Let z be w(-6). Let x(f) = f**3 - 10*f**2 + f - 3. Let p be x(z). Calculate the greatest common divisor of j and p.
7
Let j = 82 - 21. Let i = -39976 + 40525. What is the highest common divisor of j and i?
61
Let r be (-66)/(-30)*5 - (-826 - 0/18). Let u(l) = 31*l. Let o be u(1). What is the greatest common divisor of r and o?
31
Let m(u) = -22 - 20*u - 23 + 3 + 2*u - u**2. Let q be m(-12). Suppose -4*o + 86 = q. What is the greatest common factor of 1 and o?
1
Suppose -2*i + 4*i = 0. Suppose -k - 5*w = 4, 5*w = -i*k + 4*k + 16. Let u be -1 - 2/k*58. Calculate the greatest common divisor of u and 14.
14
Let n be 1/(2/(-8)) - -7. Suppose 2*p = -5*x + 46, 0 = -n*x + x + 8. What is the highest common divisor of p and 247?
13
Suppose 1671 = 4*k + a, 1701 = 4*k - 6*a + a. Suppose -k = -7*y + 141. What is the greatest common factor of y and 20?
20
Suppose 50 = -0*j + 5*j. Suppose 2*d = -j, a - 8 = 2*d + 5. Suppose -u + a*b = -65, -4*u - 4*b = -396 + 56. What is the highest common factor of 16 and u?
16
Suppose 0 = -4*q + 21 - 17, 3*f - 7 = -q. Suppose 0 = 3*o + 3 - 33. Calculate the greatest common factor of f and o.
2
Let p = 4473 - 4466. Calculate the greatest common factor of p and 301.
7
Let q be ((-4)/(5 - 3))/(1/877). Let d be (-6)/(-16) - q/16. Let o be 4/6 - 832/(-39). Calculate the greatest common factor of o and d.
22
Let r be 16 + -2 - 68904/(-216). Calculate the highest common divisor of r and 63.
9
Suppose -227 + 257 = 2*p - 2*v, -2*p = 3*v. Let b = 213 - 69. What is the highest common factor of p and b?
9
Let p(n) = 18*n. Let q be p(8). Suppose 16*l = -13*l + 460 + 4. Calculate the greatest common divisor of l and q.
16
Suppose 3*m + 0*m = 30. Suppose 15 = x - m. Suppose 1972*d = 1978*d - 150. Calculate the greatest common divisor of x and d.
25
Let a = -938 - -574. Let m be 212/(-1)*91/a. Calculate the greatest common factor of m and 795.
53
Let y be ((594/(-12))/(-11))/((-2373)/(-1186) - 2). Calculate the greatest common divisor of y and 72.
9
Let q be 2/11 + (-7327)/(-561)*63. Let t = q + -340. What is the highest common divisor of t and 69?
69
Let n = 24 + 32. Let y(c) = -c**2 - 7*c + 2. Let l = 286 - 292. Let u be y(l). Calculate the greatest common factor of u and n.
8
Suppose 15*l - 702 = -3*l. Suppose 4*y - l = -f, -4*f - 10 = -3*y + 43. Calculate the greatest common factor of 154 and y.
11
Let d(l) = 19*l + 15. Let q be d(-1). Let c be ((-32)/12)/(q/180). What is the greatest common divisor of 6 and c?
6
Let u(c) = -8*c - 24. Let k(i) = -1 - 6 + i + 9 - 1. Let x(y) = 24*k(y) + u(y). Let o be x(5). What is the highest common factor of o and 10?
10
Suppose -39 + 9 = -5*m. Suppose 81*p - 811 = 3213 + 2294. Calculate the highest common factor of p and m.
6
Let y be 2*(-1*2)/(-4). Let m(t) = t**3 + 49*t**2 + 220*t + 3. Let j be m(-44). Calculate the greatest common divisor of y and j.
1
Suppose 2782*a - 2767*a = 28200. What is the highest common factor of a and 846?
94
Suppose 7*r + 1271 - 263 = 0. Let x = r - -184. Calculate the greatest common factor of 70 and x.
10
Let w(b) = -b**3 - 2*b**2 + 8*b + 1. Let u = -20 - -15. Let g be w(u). Let j be 1 - -2 - (-6 - g). What is the highest common factor of j and 5?
5
Let v = -21100 - -21256. Suppose 2*l - 67 = -5*q, 0*l + 3*l - 105 = -3*q. What is the highest common divisor of v and l?
12
Let g(n) = -n**3 - 19*n**2 - 23*n + 255. Let v be g(-17). Calculate the highest common divisor of v and 8.
4
Let c be (((-336)/(-9))/8)/(9/324). Calculate the highest common factor of 30 and c.
6
Suppose 0 = 3*r + 26*h - 24*h - 60, 5*h - 100 = -5*r. Calculate the highest common factor of 860 and r.
20
Suppose -23*i = 287 - 1253. Suppose -640 = i*r - 3664. What is the greatest common factor of r and 64?
8
Let s be 164/28 - 6 - 27/7. Let w be 10955/105 - s/6. Calculate the highest common factor of w and 189.
21
Let s be 2 + 66/(3 - 0). Let w(t) = t**3 - 10*t**2 + 20*t. Let f be w(7). Let k be 60/(-7)*(-1)/(f/(-49)). What is the highest common factor of s and k?
12
Suppose -5*i + 2*s + 1359 = -793, -2156 = -5*i + s. Suppose 46*g - i = -18. What is the greatest common factor of 99 and g?
9
Let q = -2906 - -3173. Calculate the greatest common divisor of q and 11214.
267
Let r(i) = -i**3 - 26*i**2 + 26*i - 7. Let k(n) = 3*n**2 - 7*n - 27. Let t be k(0). Let f be r(t). Calculate the greatest common factor of f and 180.
20
Suppose 116426*k = 116421*k + 5*m + 120, 2*k = 4*m + 32. Suppose 3*y - 88 = -19. Let t = -7 + y. Calculate the greatest common factor of t and k.
16
Suppose 5*q + 5*k = 70, 4*q - 177*k - 68 = -178*k. Calculate the greatest common divisor of 642 and q.
6
Let y be ((-18)/15)/((-16)/40). Let j(b) = 15*b - 21. Let d be j(y). What is the greatest common divisor of d and 16?
8
Suppose -15*m = 1781 - 5471. Suppose -520 = m*y - 251*y. Calculate the greatest common factor of y and 13.
13
Let s(q) = 10*q**2 + 4*q - 6. Let n be s(-5). Let f = 245257 + -245243. What is the greatest common factor of n and f?
14
Suppose -o = 1, 2*y - 74 = -4*o - 0*o. Suppose -3*t - 3*v = -y, 5*t + v + v = 62. Suppose -4*q - t = -56. Calculate the greatest common divisor of q and 55.
11
Let q(w) = 5*w**2 + 70*w + 320. Let u be q(-8). Calculate the greatest common divisor of 250 and u.
10
Let c = 379 + -315. Suppose -3*r + 132 = -3*j, 2*r = r + 5*j + c. What is the highest common factor of r and 91?
13
Let s be 472/8 + 1 + -1. Let i = 62 - s. Let k(h) = 95*h + 12. Let p be k(i). Calculate the highest common divisor of 33 and p.
33
Suppose x - 5*n = 346, 5*x + 4*n - 537 - 1135 = 0. Suppose 2*b - x = 4*k, 3*k + 190 - 22 = b. What is the greatest common divisor of b and 21?
21
Suppose -13*o + 11*o = -570. Suppose 357 - o = 4*n. What is the greatest common factor of 24 and n?
6
Let v be (3 + 76/(-12))/(4/6). Let a(l) be the first derivative of -5*l**2/2 - l - 16. Let p be a(v). What is the highest common divisor of 3 and p?
3
Let u(x) be the second derivative of x**3/3 + 9*x**2/2 + 10*x. Let w be u(-12). Let q be (24/w)/(1/(-20)). What is the greatest common divisor of 160 and q?
32
Suppose -15*h + 36383 = -7117. What is the highest common divisor of 200 and h?
100
Suppose -36*g = -28*g - 968. Suppose -g = -n - 57. Calculate the highest common factor of n and 144.
16
Let u = -82 + 70. Let c be (-10 - -13)*((-176)/u - 2). Calculate the highest common divisor of 323 and c.
19
Let x(t) = -t + 21. Let y be x(9). Let k(w) = -4*w**2 - 28*w + 246. Let p be k(-12). Calculate the highest common factor of p and y.
6
Let g(b) = -1. Let u(k) = 4*k + 44. Let x(v) = -12*g(v) + u(v). Let o be x(-6). What is the greatest common divisor of o and 8?
8
Let t = -289 - -206. Let l = t + 141. Let v be 22 - (-42)/(24/4)*1. Calculate the greatest common divisor of l and v.
29
Suppose 15*o = 1785 + 2895. Calculate the highest common divisor of 1716 and o.
156
Let g(p) be the first derivative of 13*p**3 - 8*p**2 + 29*p - 120. Let n be g(2). What is the highest common divisor of n and 17?
17
Let s(k) = -k**3 - 2*k**2 + 14*k + 363. Let i be s(-14). What is the highest common factor of 3435 and i?
229
Let w(a) = a**2 - 9. Suppose -z - 3 = -6. Suppose -q = z*y - 18 - 3, 4*y = 4*q - 4. Let o be w(q). What is the greatest common divisor of o and 18?
9
Let w = -116 + 158. Suppose 0 = -2*x + 2*h + 76, 0*x = x + 4*h - 33. Let g = w - x. Calculate the greatest common factor of 15 and g.
5
Suppose -370*c + 17917 = -351*c. What is the highest common factor of c and 902?
41
Let p = 3230 + -3225. Let u(j) = 4*j**2 - 2*j + 4. Let m be u(4). Calculate the highest common divisor of m and p.
5
Suppose -34 = -2*u - r, r - 29 + 25 = 0. What is the greatest common divisor of 9015 and u?
15
Let j = 2973 - 2173. Calculate the greatest common divisor of 2080 and j.
160
Suppose 5*b - 2*k = 9, -3*b + 7*k - 4*k = -9. Let r(t) = 52*t**3 + 2*t**2 + 6*t - 7. Let j be r